{"id":27180,"date":"2026-02-11T16:29:57","date_gmt":"2026-01-10T00:03:11","guid":{"rendered":"https:\/\/oisehalatte-tourisme.eu\/agenda\/atelier-creatif-autour-du-recyclage-avec-recyclatelier\/"},"modified":"2026-02-11T16:29:57","modified_gmt":"2026-02-11T15:29:57","slug":"atelier-creatif-autour-du-recyclage-avec-recyclatelier","status":"publish","type":"events","link":"https:\/\/oisehalatte-tourisme.eu\/de\/agenda\/atelier-creatif-autour-du-recyclage-avec-recyclatelier\/","title":{"rendered":"Kreative Workshops rund um das Thema Recycling mit Recycl'Atelier"},"content":{"rendered":"","protected":false},"featured_media":32787,"template":"","meta":{"_acf_changed":true,"_relevanssi_hide_post":"","_relevanssi_hide_content":"","_relevanssi_pin_for_all":"","_relevanssi_pin_keywords":"","_relevanssi_unpin_keywords":"","_relevanssi_related_keywords":"","_relevanssi_related_include_ids":"","_relevanssi_related_exclude_ids":"","_relevanssi_related_no_append":"","_relevanssi_related_not_related":"","_relevanssi_related_posts":"","_relevanssi_noindex_reason":"","inline_featured_image":false},"event-type":[21,74],"class_list":["post-27180","events","type-events","status-publish","has-post-thumbnail","hentry","event-type-expositions-fetes-et-festivals","event-type-loisirs-creatifs"],"acf":{"sticky":false,"dates":[{"starting_date":"2026-01-14","ending_date":"2026-06-30","time":[{"morning_opening":"10:00:00","morning_ending":"12:00:00","afternoon_opening":"14:00:00","afternoon_ending":"16:30:00"}]}],"description":"Mit Recycl'Atelier,\nKreieren Sie ein Schmuckst\u00fcck oder ein Objekt aus recycelten Materialien!\nArmb\u00e4nder aus Fahrradschl\u00e4uchen, Schl\u00fcsselanh\u00e4nger, Blumen aus Ton, lustige Magnete aus Pappe und Harz, Blumen aus gro\u00dfen Kaffeekapseln...\nF\u00fcr 1 oder 2 Stunden, ab 6 Jahren, Kinder und Erwachsene, kommen Sie und kreieren Sie in aller Freundlichkeit!\n\nTermine:\nMittwochs und samstags und in den Ferien t\u00e4glich au\u00dfer sonntags.\nvon 10 bis 12 Uhr und 14 bis 16.30 Uhr","prices":[{"price_label":"Tarif enfant","price_detail":"1 ou 2h","min_price":"15","max_price":"25"},{"price_label":"Tarif adulte","price_detail":"1 ou 2h","min_price":"15","max_price":"25"}],"payment_methods":null,"reservation_url":"","contact_infos":[{"contact_libelle":"fix","fixe_phone":"+33 6 68 14 07 90","mobile_phone":"","email":"","website":"","socials_network":null},{"contact_libelle":"mobile","fixe_phone":"","mobile_phone":"06 68 14 07 90","email":"","website":"","socials_network":null},{"contact_libelle":"web","fixe_phone":"","mobile_phone":"","email":"","website":"http:\/\/www.recycl-atelier.com","socials_network":null},{"contact_libelle":"mail","fixe_phone":"","mobile_phone":"","email":"recyclatelier75@gmail.com","website":"","socials_network":null}],"contact_details":{"adress":"","additional_address":"2 COURS BOUFFLET","postcode":"60700","municipality":"PONT-SAINTE-MAXENCE","longitude":"2.6054592","latitude":"49.3035510"},"image":[{"image_id":"d33b2d5c-ec37-48db-8293-6959477b7778","image_file":27181,"image_title":"bracelets chambres \u00e0 air","image_credit":"Sylvie Kruzik"}],"id-field":"FMAPIC060V50PEVD","api_update":"2026-01-26","municipalities":""},"featured_image_url":"https:\/\/oisehalatte-tourisme.eu\/app\/uploads\/2026\/01\/bracelets-chambres-a-air-decorees-2-1-scaled.jpg","events_type_names":["Expositions, f\u00eates et festivals","Loisirs cr\u00e9atifs"],"municipality_title":null,"start":null,"end":null,"_links":{"self":[{"href":"https:\/\/oisehalatte-tourisme.eu\/de\/wp-json\/wp\/v2\/events\/27180","targetHints":{"allow":["GET"]}}],"collection":[{"href":"https:\/\/oisehalatte-tourisme.eu\/de\/wp-json\/wp\/v2\/events"}],"about":[{"href":"https:\/\/oisehalatte-tourisme.eu\/de\/wp-json\/wp\/v2\/types\/events"}],"wp:featuredmedia":[{"embeddable":true,"href":"https:\/\/oisehalatte-tourisme.eu\/de\/wp-json\/wp\/v2\/media\/32787"}],"wp:attachment":[{"href":"https:\/\/oisehalatte-tourisme.eu\/de\/wp-json\/wp\/v2\/media?parent=27180"}],"wp:term":[{"taxonomy":"event-type","embeddable":true,"href":"https:\/\/oisehalatte-tourisme.eu\/de\/wp-json\/wp\/v2\/event-type?post=27180"}],"curies":[{"name":"wp","href":"https:\/\/api.w.org\/{rel}","templated":true}]}}

Mit Recycl'Atelier,
Kreieren Sie ein Schmuckstück oder ein Objekt aus recycelten Materialien!
Armbänder aus Fahrradschläuchen, Schlüsselanhänger, Blumen aus Ton, lustige Magnete aus Pappe und Harz, Blumen aus großen Kaffeekapseln...
Für 1 oder 2 Stunden, ab 6 Jahren, Kinder und Erwachsene, kommen Sie und kreieren Sie in aller Freundlichkeit!

Termine:
Mittwochs und samstags und in den Ferien täglich außer sonntags.
von 10 bis 12 Uhr und 14 bis 16.30 Uhr

bracelets chambres à air

Expositions, fêtes et festivals

Loisirs créatifs
