{"id":45972,"date":"2026-03-25T01:03:21","date_gmt":"2026-03-25T00:03:21","guid":{"rendered":"https:\/\/oisehalatte-tourisme.eu\/agenda\/conference-les-bornes-princieres-de-verrneuil-en-halatte\/"},"modified":"2026-03-25T01:03:21","modified_gmt":"2026-03-25T00:03:21","slug":"conference-les-bornes-princieres-de-verrneuil-en-halatte","status":"publish","type":"events","link":"https:\/\/oisehalatte-tourisme.eu\/en\/agenda\/conference-les-bornes-princieres-de-verrneuil-en-halatte\/","title":{"rendered":"Conference \u00abThe princely landmarks of Verrneuil-en-Halatte\u00bb"},"content":{"rendered":"","protected":false},"featured_media":45973,"template":"","meta":{"_acf_changed":false,"_relevanssi_hide_post":"","_relevanssi_hide_content":"","_relevanssi_pin_for_all":"","_relevanssi_pin_keywords":"","_relevanssi_unpin_keywords":"","_relevanssi_related_keywords":"","_relevanssi_related_include_ids":"","_relevanssi_related_exclude_ids":"","_relevanssi_related_no_append":"","_relevanssi_related_not_related":"","_relevanssi_related_posts":"","_relevanssi_noindex_reason":"","inline_featured_image":false},"event-type":[12],"class_list":["post-45972","events","type-events","status-publish","has-post-thumbnail","hentry","event-type-concerts-spectacles-et-conferences"],"acf":{"sticky":false,"dates":[{"starting_date":"2026-03-31","ending_date":"2026-03-31","time":[{"morning_opening":"20:30:00","morning_ending":null,"afternoon_opening":null,"afternoon_ending":null}]}],"description":"La for\u00eat d\u2019Halatte offre au promeneur un grand nombre de bornes anciennes. Les plus anciennes remontent au d\u00e9but du XVIe si\u00e8cle et sont orn\u00e9es des armoiries de leurs propri\u00e9taires. La commune de Verneuil poss\u00e8de un ensemble de 57 bornes. Celles-ci sont certainement moins prestigieuses que les bornes armori\u00e9es mais elles constituent n\u00e9anmoins un ensemble homog\u00e8ne datant de la fin du XVIIIe si\u00e8cle.\n\nUne recherche minutieuse de ces bornes sur le terrain, leur g\u00e9olocalisation ainsi que l\u2019\u00e9tude d\u2019archives, notamment de cartes et plans anciens, ont permis de conna\u00eetre leur origine et de comprendre leur utilit\u00e9. Ainsi, la conf\u00e9rence pr\u00e9sentera le propri\u00e9taire des terrains born\u00e9es, \u00e0 savoir Son Altesse S\u00e9r\u00e9nissime le 8e prince de Cond\u00e9, une br\u00e8ve histoire de la for\u00eat d\u2019Halatte, les terrains appartenant au prince sur le territoire de Verneuil et l\u2019emplacement des bornes qu\u2019il nous a laiss\u00e9es et leur fonction.\n\nUne conf\u00e9rence propos\u00e9e par les Amis du Vieux Verneuil, le mardi 31 mars 2026 \u00e0 20h30 (Grande salle Manoir Salomon de Brosse)\n\ndonn\u00e9e par Michel Huyvaert, Roger Puff et Christian Tauzi\u00e8de","prices":null,"payment_methods":null,"reservation_url":"","contact_infos":[{"contact_libelle":"mail","fixe_phone":"","mobile_phone":"","email":"amisduvieuxverneuil@gmail.com","website":"","socials_network":null}],"contact_details":{"adress":"","additional_address":"","postcode":"60550","municipality":"VERNEUIL-EN-HALATTE","longitude":"2.517388","latitude":"49.274228"},"image":null,"id-field":"FMAPIC060V50PP39","api_update":"2026-03-24","municipalities":null},"featured_image_url":"https:\/\/oisehalatte-tourisme.eu\/app\/uploads\/2026\/03\/Affiche-Borne-amis-du-vieux-verneuil.png","events_type_names":["Concerts, spectacles et conf\u00e9rences"],"municipality_title":null,"start":null,"end":null,"_links":{"self":[{"href":"https:\/\/oisehalatte-tourisme.eu\/en\/wp-json\/wp\/v2\/events\/45972","targetHints":{"allow":["GET"]}}],"collection":[{"href":"https:\/\/oisehalatte-tourisme.eu\/en\/wp-json\/wp\/v2\/events"}],"about":[{"href":"https:\/\/oisehalatte-tourisme.eu\/en\/wp-json\/wp\/v2\/types\/events"}],"wp:featuredmedia":[{"embeddable":true,"href":"https:\/\/oisehalatte-tourisme.eu\/en\/wp-json\/wp\/v2\/media\/45973"}],"wp:attachment":[{"href":"https:\/\/oisehalatte-tourisme.eu\/en\/wp-json\/wp\/v2\/media?parent=45972"}],"wp:term":[{"taxonomy":"event-type","embeddable":true,"href":"https:\/\/oisehalatte-tourisme.eu\/en\/wp-json\/wp\/v2\/event-type?post=45972"}],"curies":[{"name":"wp","href":"https:\/\/api.w.org\/{rel}","templated":true}]}}

La forêt d’Halatte offre au promeneur un grand nombre de bornes anciennes. Les plus anciennes remontent au début du XVIe siècle et sont ornées des armoiries de leurs propriétaires. La commune de Verneuil possède un ensemble de 57 bornes. Celles-ci sont certainement moins prestigieuses que les bornes armoriées mais elles constituent néanmoins un ensemble homogène datant de la fin du XVIIIe siècle.

Une recherche minutieuse de ces bornes sur le terrain, leur géolocalisation ainsi que l’étude d’archives, notamment de cartes et plans anciens, ont permis de connaître leur origine et de comprendre leur utilité. Ainsi, la conférence présentera le propriétaire des terrains bornées, à savoir Son Altesse Sérénissime le 8e prince de Condé, une brève histoire de la forêt d’Halatte, les terrains appartenant au prince sur le territoire de Verneuil et l’emplacement des bornes qu’il nous a laissées et leur fonction.

Une conférence proposée par les Amis du Vieux Verneuil, le mardi 31 mars 2026 à 20h30 (Grande salle Manoir Salomon de Brosse)

donnée par Michel Huyvaert, Roger Puff et Christian Tauziède

Concerts, spectacles et conférences
