{"id":993,"date":"2025-08-22T13:54:00","date_gmt":"2025-08-22T12:54:00","guid":{"rendered":"https:\/\/oisehalatte-tourisme.eu\/\/?events=les-journees-europeennes-du-patrimoine-pontpoint-eglise-et-circuit-des-lavoirs"},"modified":"2025-08-22T13:54:00","modified_gmt":"2025-08-22T12:54:00","slug":"les-journees-europeennes-du-patrimoine-pontpoint-eglise-et-circuit-des-lavoirs","status":"publish","type":"events","link":"https:\/\/oisehalatte-tourisme.eu\/nl\/agenda\/les-journees-europeennes-du-patrimoine-pontpoint-eglise-et-circuit-des-lavoirs\/","title":{"rendered":"Europese erfgoeddagen: Pontpoint, kerk en washuis circuit"},"content":{"rendered":"","protected":false},"featured_media":994,"template":"","meta":{"_acf_changed":false,"_relevanssi_hide_post":"","_relevanssi_hide_content":"","_relevanssi_pin_for_all":"","_relevanssi_pin_keywords":"","_relevanssi_unpin_keywords":"","_relevanssi_related_keywords":"","_relevanssi_related_include_ids":"","_relevanssi_related_exclude_ids":"","_relevanssi_related_no_append":"","_relevanssi_related_not_related":"","_relevanssi_related_posts":"","_relevanssi_noindex_reason":"","inline_featured_image":false},"event-type":[11,13],"class_list":["post-993","events","type-events","status-publish","has-post-thumbnail","hentry","event-type-sortie-nature","event-type-visite-guidee"],"acf":{"sticky":false,"dates":[{"starting_date":"2025-09-20","ending_date":"2025-09-21","time":null}],"description":"Visite libre de l\u2019\u00e9glise Saint-Gervais \nSamedi 20 de 10h \u00e0 12h\nDimanche 21 de 10h \u00e0 18h\n\nLe circuit des lavoirs \nSamedi 20 de 10h \u00e0 12h\nDimanche 21 de 10h \u00e0 18h\nInformations donn\u00e9es \u00e0 l'\u00e9glise Saint-Gervais \n\nCes 2 \u00e9v\u00e8nements sont organis\u00e9s par l\u2019Association de Sauvegarde du Patrimoine de Pontpoint.","prices":null,"payment_methods":null,"reservation_url":"","contact_infos":null,"contact_details":{"adress":"","additional_address":"","postcode":"60700","municipality":"PONTPOINT","longitude":"2.64354","latitude":"49.30034"},"image":null,"id-field":"FMAPIC060V50OD9S","api_update":"2025-08-05","municipalities":null},"featured_image_url":"https:\/\/oisehalatte-tourisme.eu\/app\/uploads\/2025\/08\/Affiche-de-la-25e-edition-des-Journees-europeennes-du-patrimoine-realisee-par-Clement-Barbe-3-1-scaled.jpg","events_type_names":["Sortie Nature","Visite guid\u00e9e"],"municipality_title":null,"start":null,"end":null,"_links":{"self":[{"href":"https:\/\/oisehalatte-tourisme.eu\/nl\/wp-json\/wp\/v2\/events\/993","targetHints":{"allow":["GET"]}}],"collection":[{"href":"https:\/\/oisehalatte-tourisme.eu\/nl\/wp-json\/wp\/v2\/events"}],"about":[{"href":"https:\/\/oisehalatte-tourisme.eu\/nl\/wp-json\/wp\/v2\/types\/events"}],"wp:featuredmedia":[{"embeddable":true,"href":"https:\/\/oisehalatte-tourisme.eu\/nl\/wp-json\/wp\/v2\/media\/994"}],"wp:attachment":[{"href":"https:\/\/oisehalatte-tourisme.eu\/nl\/wp-json\/wp\/v2\/media?parent=993"}],"wp:term":[{"taxonomy":"event-type","embeddable":true,"href":"https:\/\/oisehalatte-tourisme.eu\/nl\/wp-json\/wp\/v2\/event-type?post=993"}],"curies":[{"name":"wp","href":"https:\/\/api.w.org\/{rel}","templated":true}]}}

Visite libre de l’église Saint-Gervais 
Samedi 20 de 10h à 12h
Dimanche 21 de 10h à 18h

Le circuit des lavoirs 
Samedi 20 de 10h à 12h
Dimanche 21 de 10h à 18h
Informations données à l'église Saint-Gervais 

Ces 2 évènements sont organisés par l’Association de Sauvegarde du Patrimoine de Pontpoint.

Visite guidée
